72582204?
12
Calculate the highest common factor of 1110768 and 18980.
292
What is the greatest common factor of 781 and 2095423?
781
What is the highest common factor of 2415659 and 998?
499
What is the greatest common divisor of 13024143 and 4395?
879
What is the greatest common factor of 4969486 and 25420?
62
What is the highest common factor of 6935915 and 945?
35
What is the highest common divisor of 203837072 and 1904?
272
What is the highest common divisor of 93439621 and 42174?
781
Calculate the highest common divisor of 1988908 and 208284.
4084
Calculate the highest common divisor of 101943 and 17866053.
2169
What is the greatest common divisor of 3741 and 20118711?
129
What is the greatest common divisor of 183759022 and 58?
58
Calculate the greatest common divisor of 10906441 and 21.
7
What is the highest common factor of 108500460 and 51?
51
Calculate the highest common divisor of 767 and 265603.
13
What is the highest common divisor of 143524 and 1760200?
2708
Calculate the greatest common factor of 26941 and 48451066.
929
Calculate the highest common divisor of 2597184 and 216.
216
What is the greatest common divisor of 734231 and 710428?
1831
Calculate the greatest common factor of 5896 and 499771492.
2948
What is the highest common divisor of 8443445 and 15044?
3761
What is the highest common factor of 12705 and 2730?
105
What is the greatest common factor of 1313 and 917449?
13
Calculate the highest common divisor of 1567366492 and 9668.
9668
Calculate the greatest common divisor of 18847 and 9086416.
47
Calculate the greatest common factor of 1436 and 2684243.
359
What is the greatest common divisor of 3424 and 622928?
16
What is the highest common divisor of 1516 and 38068276?
1516
Calculate the greatest common divisor of 441551 and 293.
293
Calculate the greatest common divisor of 56196 and 38724.
84
What is the highest common factor of 38 and 161943042?
38
What is the highest common factor of 1206805 and 55?
5
Calculate the highest common factor of 611919372 and 348.
348
Calculate the highest common factor of 161 and 10011302.
161
Calculate the highest common factor of 4245809 and 66607.
1549
What is the highest common divisor of 2442299 and 4247?
137
What is the highest common divisor of 13376 and 76595992?
1672
Calculate the greatest common factor of 3590 and 174490.
10
What is the highest common factor of 24566 and 3137206?
142
What is the highest common factor of 3753550 and 200?
50
Calculate the highest common factor of 242452550 and 350.
50
What is the highest common divisor of 601823 and 7?
1
What is the highest common factor of 33 and 4866825?
3
What is the greatest common factor of 63729180 and 930?
930
Calculate the greatest common factor of 28 and 22627108.
28
Calculate the greatest common factor of 1707296 and 1312.
32
What is the highest common factor of 392320 and 917120?
640
What is the highest common divisor of 38 and 5735606?
38
What is the highest common divisor of 506016 and 10976?
224
Calculate the greatest common divisor of 340 and 632540.
20
Calculate the highest common factor of 8836 and 2300744.
188
Calculate the greatest common factor of 152149114 and 40395.
2693
What is the highest common factor of 235440 and 8178597?
2943
Calculate the greatest common factor of 401412 and 59244.
12
Calculate the greatest common factor of 553 and 18780433.
553
Calculate the greatest common factor of 794796 and 3210.
642
What is the highest common factor of 3116 and 1750584?
76
Calculate the highest common factor of 3349548 and 24.
12
What is the highest common factor of 20216 and 1499974?
266
Calculate the highest common divisor of 5086460 and 697.
41
What is the highest common divisor of 661080 and 30870?
210
What is the greatest common divisor of 492776 and 392?
8
What is the greatest common factor of 1606 and 203522?
22
What is the highest common divisor of 19028 and 15580716?
268
Calculate the greatest common factor of 79246050 and 6240.
390
What is the greatest common divisor of 194403 and 51084?
1419
What is the greatest common divisor of 10922 and 411988?
254
What is the highest common factor of 830297 and 6358?
289
Calculate the greatest common factor of 212096 and 6241919.
1657
What is the highest common factor of 465400 and 813800?
2600
What is the greatest common divisor of 4832232 and 1596?
228
Calculate the highest common factor of 190 and 1851310.
10
What is the greatest common factor of 492 and 679512?
12
Calculate the greatest common factor of 13753 and 187.
17
What is the highest common factor of 2801 and 25494?
1
What is the highest common factor of 481924 and 73088?
2284
What is the greatest common divisor of 5494495 and 8975?
1795
Calculate the highest common divisor of 758016 and 1232.
112
What is the greatest common divisor of 464964 and 21552?
12
What is the greatest common divisor of 668120344 and 87104?
10888
What is the highest common divisor of 590903455 and 10?
5
What is the highest common divisor of 79 and 79480399?
79
What is the highest common factor of 18 and 1586187?
9
What is the greatest common factor of 168 and 63121534?
14
What is the highest common factor of 28301429 and 17541?
1949
What is the greatest common divisor of 331045400 and 3500?
700
What is the highest common divisor of 11444 and 262030407?
2861
Calculate the highest common divisor of 15864 and 573087.
1983
Calculate the greatest common divisor of 1237280 and 190.
190
Calculate the highest common divisor of 58763526 and 1734.
1734
Calculate the highest common divisor of 7090 and 165730.
10
What is the highest common divisor of 289 and 6025?
1
Calculate the greatest common factor of 110586 and 6888.
42
What is the greatest common divisor of 1394 and 845822046?
1394
Calculate the highest common factor of 3725298 and 54.
54
What is the highest common factor of 6897 and 2761099?
2299
What is the greatest common factor of 2342532 and 412?
4
Calculate the greatest common divisor of 4593079 and 945841.
2347
What is the greatest common factor of 167370 and 12255?
15
Calculate the highest common factor of 108 and 46767573.
9
Calculate the greatest common factor of 48749088 and 6.
6
What is the greatest common divisor of 4522 and 6937280?
266
What is the greatest common factor of 138826 and 6985318?
3386
Calculate the highest common factor of 2550 and 54299275.
425
What is the greatest common factor of 182072737 and 25772?
6443
Calculate the greatest common divisor of 44585 and 69065.
5
Calculate the highest common factor of 231163800 and 6.
6
Calculate the greatest common factor of 109552 and 28782.
82
Calculate the highest common factor of 104077 and 8557.
199
What is the highest common factor of 117 and 3865706?
13
Calculate the greatest common factor of 6561576 and 395002.
554
What is the highest common factor of 8296 and 171904?
136
Calculate the highest common factor of 2600908 and 20.
4
Calculate the greatest common factor of 91575 and 3578751.
3663
What is the highest common divisor of 18370 and 47610?
10
Calculate the highest common factor of 10097966 and 16.
2
Calculate the highest common factor of 559869 and 63651.
1299
Calculate the greatest common divisor of 6381392 and 170.
34
Calculate the highest common divisor of 1489258 and 1634.
38
Calculate the highest common factor of 2140 and 1389181.
107
What is the greatest common factor of 2399754 and 33558?
714
Calculate the greatest common factor of 246 and 27153562.
82
What is the highest common divisor of 23572542 and 378?
42
What is the highest common factor of 24 and 67796256?
24
What is the highest common factor of 5067 and 91457098?
563
Calculate the highest common factor of 31803107 and 65773.
1241
What is the highest common factor of 878328 and 454690?
2218
What is the greatest common factor of 3200757 and 42?
21
What is the highest common divisor of 35 and 246665?
5
Calculate the greatest common divisor of 5874870 and 11865.
1695
What is the highest common factor of 16307 and 1541?
23
Calculate the highest common divisor of 35574 and 1556907.
363
What is the greatest common factor of 372407 and 175?
7
What is the highest common factor of 25 and 292886305?
5
Calculate the greatest common divisor of 3368339 and 581191.
3211
Calculate the highest common 